+ -301. List the prime factors of x.
2, 233
Let b = 1223 + -563. Suppose 0 = 2*m - o + 3*o - 436, -3*m + 3*o = -b. List the prime factors of m.
3, 73
Suppose 300 = -12*d - 736 - 428. Suppose -4*x + 916 = -324. Let a = x + d. List the prime factors of a.
2, 47
Let j(v) = 6*v**2 + 70*v + 1299. What are the prime factors of j(79)?
5, 7, 11, 23
Suppose -42898 - 59837 = -15*d. What are the prime factors of d?
3, 761
Let l = 23358 - -18980. What are the prime factors of l?
2, 21169
What are the prime factors of 24/(-40) + ((-2)/12 - (-2120528)/480)?
7, 631
Let d(i) = -52*i + 3. Let c be d(-4). Suppose 88*b - 33949 = 4155. Let v = b - c. What are the prime factors of v?
2, 3, 37
What are the prime factors of (110613/12 - 1)*(-16)/(-12)?
12289
Let j(m) = -122*m + 1247. What are the prime factors of j(-37)?
7, 823
Let f = 2336 + -3504. List the prime factors of (-8)/(-12) + f/(-3).
2, 3, 5, 13
Let o be -2 - -516 - (-8 - -7). Let p = 77 + -63. Suppose 9*n = p*n - o. List the prime factors of n.
103
Let q be (-56)/(-6)*9/6. Let p(x) = -11*x**3 + 1 - 4*x**2 - q*x**3 + 3*x + 24*x**3. What are the prime factors of p(-6)?
5, 11
Suppose 2*q = 14 + 26. Suppose 3*n - 122 = -5*m - 141, 4*n - 5*m - 33 = 0. List the prime factors of (102/4)/(n/q).
3, 5, 17
Let k = 157 - 161. List the prime factors of -3 - (377 - 0)*(-5 - k).
2, 11, 17
Let n be (164/6)/(19/57). Let k = n + 135. List the prime factors of k.
7, 31
Let v(a) = 29*a - 14. Let i be (-7)/(21/94)*-3. Let c = -90 + i. What are the prime factors of v(c)?
2, 3, 17
Suppose 54*g - 8605 = 1601. Suppose g*n - 814 = 188*n. What are the prime factors of n?
2, 11, 37
Suppose 0 = 2*d + 3*d - 20. Suppose -9*p + 1080 = -d*p. List the prime factors of p.
2, 3
Suppose 0 = -5*c - 19*c - 3*c + 1071387. What are the prime factors of c?
3, 4409
Let f = 46 - 20. Let i(a) = a**2 - 28*a + 61. Let w be i(f). What are the prime factors of -1 + (2*1 - (w + -61))?
53
Let v(s) = s**3 + 42*s**2 + 3*s + 129. Let o be v(-42). What are the prime factors of (1356/o)/(6/9)?
2, 3, 113
Let a be 0/(7 + 0)*(1 - 0). Suppose -21*h + 22*h - 85 = a. What are the prime factors of h?
5, 17
Suppose 11 - 3356 = -5*p - 3*s, 4*p = 5*s + 2713. Suppose 2*g - p = -2*k, 3 = k - 1. What are the prime factors of g?
2, 83
Let o = 113742 + -77678. What are the prime factors of o?
2, 7, 23
Let l = 45716 + -29786. What are the prime factors of l?
2, 3, 5, 59
Suppose -2*q + 3*o + 8992 = 0, 189*q - 186*q - 13462 = -2*o. List the prime factors of q.
2, 5, 449
Suppose -5*a + 1292 = h - a, 0 = -5*h - 2*a + 6460. Suppose 3*b - 4*k + h = 6*b, 5*b - 2105 = 3*k. What are the prime factors of b?
2, 53
What are the prime factors of (390/(-130))/(6/(-2)) + 6240?
79
Let m(b) = b**3 + 29*b**2 + 85*b - 66. Let n be m(-28). Let r = -884 - n. What are the prime factors of r?
2, 389
Suppose -4*q - 2*s + 17 = -5*s, -s = 2*q - 1. Suppose -q*g = -358 + 16. Let c = g + -51. What are the prime factors of c?
2, 3, 5
Suppose -33*g = -167635 - 247604. List the prime factors of g.
12583
Suppose 1406917 = 38*q + 538617. List the prime factors of q.
2, 5, 457
What are the prime factors of 25755/1*-2*(8 + 104/(-12))?
2, 5, 17, 101
Let r be 3/3 + -1 - -989. Suppose 3*g = 5*s - 4740, -55*s + 51*s + 3*g = -3789. Suppose 10*o - r = s. What are the prime factors of o?
2, 97
Let s(b) be the third derivative of 1/12*b**4 + 0 + 7*b**2 + 0*b + 1/3*b**3 + 3/5*b**5. List the prime factors of s(-1).
2, 3
Let x be 25/9 - (3 - 29/9). Suppose -21 = -k - v + 3, 0 = -5*k + x*v + 144. List the prime factors of k.
3
Let p = 72750 - 28058. List the prime factors of p.
2, 11173
Let k be (12/(-10))/((-24)/30)*4. Suppose 8*a = -k*a + 5278. List the prime factors of a.
13, 29
Let s be (-2)/(-4 - 4/(-2)). Let i = s + -31. Let c = 160 + i. What are the prime factors of c?
2, 5, 13
Let u = 47 - 37. Suppose 2*k + u = 0, -c - 5*k + 693 = c. What are the prime factors of c?
359
Let k(j) = 247*j**2 - 178*j - 365. List the prime factors of k(-2).
11, 89
Let n(p) = -4*p + 5. Let b(l) = l**2 + l + 1. Let u(j) = b(j) - n(j). Let x be u(-4). List the prime factors of (-6350)/(-40) - 2/x.
3, 53
Let x = -151 - -134. Let g = x - -75. List the prime factors of g.
2, 29
Let g(j) = 8*j + 267. Let t be g(-30). Let i = t - -48. What are the prime factors of i?
3, 5
Let s(b) = -829*b + 34991. What are the prime factors of s(0)?
11, 3181
Let z(m) = m**2 - 5*m - 69. Let q be z(9). List the prime factors of (4/(-30)*-5)/((-2)/q).
11
Let b = -4602 - -9812. Suppose -60*l = -65*l + b. What are the prime factors of l?
2, 521
Let i = 66 + -217. Let a = -90 - i. Let z = a + 57. List the prime factors of z.
2, 59
Let z(s) = -95*s - 49. Let f be z(-8). Suppose 4*w - 5*k - 707 = 0, f = 4*w - 3*k + 2*k. List the prime factors of w.
2, 89
Suppose -51265 = -5*o - u, -5*o + 51265 = -7*u + 9*u. What are the prime factors of o?
10253
Let a(m) be the second derivative of 1/3*m**3 - 5/2*m**2 + 16/3*m**4 + 0 + 2*m. List the prime factors of a(2).
3, 5, 17
Let u be 28/18*13 + (-8)/36. Suppose 7*g - u = 3*g. Suppose -g*n - 297 = -882. What are the prime factors of n?
3, 13
Suppose 2 = d, 5*c + 8*d - 13*d = -1390. Let o = c - -462. List the prime factors of o.
2, 3, 31
Let p(y) = 57*y**2 + 19*y + 791. List the prime factors of p(-18).
18917
Let s(l) = 11*l**2. Let w = -122 + 119. List the prime factors of s(w).
3, 11
Suppose -8*h = -4*g - 10*h + 1568, -1176 = -3*g - h. Suppose -3*o - 219 = -y + 173, -y - o = -g. List the prime factors of y.
2, 7
Let o = 9466 - 3362. What are the prime factors of o?
2, 7, 109
Suppose q - 16 = 5*n, n + 8*q + 8 = 7*q. What are the prime factors of n/(-2) + 1*(338 + -3)?
337
Let s = -83234 - -146674. List the prime factors of s.
2, 5, 13, 61
Let y be ((-24)/10)/((-8)/40). Suppose 4*a - u + 10 = 9*a, 5*a + 5 = -4*u. Suppose 5*o = -2*v - 0*o + 232, y = -a*o. What are the prime factors of v?
2, 3, 7
Suppose -12*s = 6*s + 18*s - 1226268. List the prime factors of s.
23, 1481
Let i = -21 - -252. Suppose 0 = -4*m - 3*m + i. List the prime factors of m.
3, 11
Suppose 10 = -5*b, -n + 7347 = 5*b - 777. List the prime factors of n.
2, 7, 83
Suppose 53*h = 57*h - p + 213324, 4*p = 0. What are the prime factors of h/116*(-16)/6?
2, 613
Suppose -3*g - j = -5500, 5*g = -3*j + 13313 - 4145. List the prime factors of (-2)/(-4)*((g - -12) + 5).
5, 37
Suppose 0 = -o + 3*o - j - 4, -4*j - 7 = o. List the prime factors of (-723 + o)/(12 - 14).
19
Suppose 5*h - 5*s - 90 = 0, -h - 3 = 5*s - 15. Suppose -8*v = -h*v + 1359. List the prime factors of v.
151
Suppose 55*s = 1478761 - 543777 + 1831571. List the prime factors of s.
3, 23
Let g(f) = 44*f**2 - 3*f + 204. List the prime factors of g(-14).
2, 5, 887
Let v = -455 + 2431. What are the prime factors of 8/(-24) - (-2 + v/(-6))?
331
Let w = -686 - -502. Suppose 3*a + 335 = 59. Let l = a - w. List the prime factors of l.
2, 23
Let y(t) = t - 20. Suppose -6*d + 113 - 11 = 0. Let n be y(d). List the prime factors of 419*(-1)/(-3) + (-1)/n.
2, 5, 7
Suppose -11 = -3*y + 10. Let p(h) = -h**3 + 10*h**2 - 27*h + 22. Let s be p(6). Suppose -s*z + 385 + y = 0. What are the prime factors of z?
2, 7
Let w = -19 - -74. Let v = -53 + w. Suppose 804 = 5*c + z, -3*c + 476 = -3*z + v*z. List the prime factors of c.
2, 5
Let a(p) = 419*p**2 + 2*p. Let t be a(1). Let k = t - 269. List the prime factors of k.
2, 19
Suppose -59*b + 252*b - 40085842 = -345*b. List the prime factors of b.
74509
Let k = 1369 - 796. Suppose -2*f = 5*h - 314 - 1116, -2*h - f = -k. List the prime factors of h.
2, 71
Suppose -15 = -9*j + 12. Let m be ((0/j)/(-1))/1. Suppose q - 26 - 159 = m. List the prime factors of q.
5, 37
Suppose 29*w + 158 = 535. Suppose w*c = 21*c - 4200. List the prime factors of c.
3, 5, 7
Let u = 295 + -291. Suppose -1755 + 499 = -u*i. What are the prime factors of i?
2, 157
Let z be (-4)/(-2) - (-5 + (0 - -1)). Let y be 2*(-3)/2 + z. Suppose -y*m - 103 = -2*x, -x + m = -4*m - 34. What are the prime factors of x?
59
What are the prime factors of (72 + -1)/(-7 - (846/(-168) - 2))?
2, 7, 71
Let i(f) = f**3 + 6*f**2 - 3*f + 2. Suppose 3*w - 12 = 3*c, -3*c - 12 = 9*w - 10*w. Let p be i(c). Suppose p = 7*j - 458. What are the prime factors of j?
2, 3
Let b be 603/6 - 46/(-92). Let k(s) = 11*s**3 - 2*s**2 - 1. Let f be 